er?
True
Is 39761861 composite?
True
Is 3955643 a composite number?
False
Is 24764213 prime?
True
Is 87689321 prime?
True
Is 1929451 prime?
True
Is 83361071 prime?
True
Is 14274593 a prime number?
True
Is 14151613 a composite number?
True
Is 154037773 a prime number?
True
Is 80223959 prime?
True
Is 675853 a prime number?
False
Is 2253991 a composite number?
True
Is 2395639 a composite number?
True
Is 13216043 a composite number?
True
Is 302237567 composite?
True
Is 6727457 prime?
False
Is 58504243 prime?
False
Is 416303 a composite number?
True
Is 49654067 a prime number?
True
Is 10104563 composite?
True
Is 2265773 prime?
False
Is 5815603 composite?
False
Is 30829789 composite?
True
Is 10004747 composite?
True
Is 190261 prime?
True
Is 4043293 a composite number?
False
Is 2187491 a prime number?
True
Is 1584013 composite?
True
Is 84156077 a prime number?
True
Is 17404963 a composite number?
False
Is 5153689 prime?
True
Is 44336821 a prime number?
True
Is 10003333 a composite number?
True
Is 664198543 a prime number?
True
Is 57580097 a composite number?
True
Is 82307 composite?
False
Is 61876639 composite?
True
Is 408133241 a prime number?
True
Is 452854 composite?
True
Is 12463453 a composite number?
False
Is 106540933 prime?
False
Is 655909 composite?
False
Is 1701053 prime?
False
Is 14285189 a composite number?
True
Is 2112457 a composite number?
True
Is 70298993 composite?
True
Is 56138791 prime?
False
Is 8138861 composite?
False
Is 10118831 a prime number?
True
Is 34296301 a composite number?
True
Is 4302217 prime?
False
Is 181121947 prime?
False
Is 257593649 a composite number?
False
Is 1411411 composite?
False
Is 1714079 a prime number?
False
Is 52051453 a prime number?
False
Is 19186331 a prime number?
True
Is 168108047 prime?
True
Is 3574841 prime?
False
Is 276305033 prime?
True
Is 84641867 a prime number?
True
Is 405601613 a prime number?
False
Is 1176481 composite?
True
Is 2612609 composite?
True
Is 73312067 prime?
True
Is 13071 a composite number?
True
Is 964009 composite?
False
Is 5743571 composite?
True
Is 2381599 a composite number?
True
Is 560551 prime?
True
Is 510379 prime?
True
Is 1111489 a prime number?
True
Is 232027465 prime?
False
Is 3005417 composite?
False
Is 781889 composite?
False
Is 13975567 a composite number?
False
Is 11241023 a composite number?
False
Is 225800797 composite?
True
Is 59671749 a composite number?
True
Is 1958267 prime?
False
Is 9418841 prime?
True
Is 87267707 composite?
False
Is 411500794 a prime number?
False
Is 125040337 composite?
True
Is 2055649 prime?
True
Is 10950997 a prime number?
False
Is 22560503 a composite number?
True
Is 418223899 a composite number?
False
Is 74408941 composite?
False
Is 7088821 a prime number?
True
Is 22543783 a prime number?
False
Is 2067851 prime?
True
Is 19910137 a composite number?
True
Is 5645383 prime?
True
Is 218461097 composite?
False
Is 188534861 a composite number?
False
Is 71372467 prime?
True
Is 253787 a prime number?
True
Is 7574387 a prime number?
True
Is 288795319 prime?
True
Is 94891289 prime?
False
Is 237676865 a composite number?
True
Is 444498799 prime?
True
Is 47459221 composite?
True
Is 760043 prime?
True
Is 174689129 composite?
False
Is 589682609 a prime number?
True
Is 17833997 a prime number?
False
Is 99207859 prime?
True
Is 16712987 composite?
True
Is 30351977 composite?
False
Is 16736171 a prime number?
True
Is 25818241 a prime number?
True
Is 55640471 composite?
False
Is 560357 prime?
False
Is 2129287597 composite?
False
Is 9771459 prime?
False
Is 5088731 a prime number?
True
Is 12866639 a composite number?
True
Is 63294227 prime?
True
Is 1408279 composite?
False
Is 12752053 prime?
True
Is 3642619 a composite number?
False
Is 177598931 composite?
False
Is 19283 a composite number?
True
Is 11078359 a composite number?
False
Is 8015045 a composite number?
True
Is 68353921 composite?
True
Is 148550387 prime?
True
Is 89641261 a composite number?
False
Is 33047243 a prime number?
False
Is 6544771 a prime number?
False
Is 149309 composite?
False
Is 80791721 a prime number?
True
Is 25364813 prime?
False
Is 9253793 a composite number?
True
Is 5992153 a prime number?
True
Is 1157449 prime?
True
Is 5902903 composite?
False
Is 276320411 a prime number?
True
Is 79969111 composite?
False
Is 109751289 a composite number?
True
Is 45019939 prime?
True
Is 7382779 a prime number?
True
Is 108756047 composite?
True
Is 23626621 a prime number?
False
Is 14594731 a prime number?
True
Is 12375107 composite?
True
Is 77575063 a prime number?
False
Is 6141545 prime?
False
Is 428797 a composite number?
False
Is 4215131 composite?
True
Is 365271565 prime?
False
Is 20932777 prime?
True
Is 171811 a prime number?
True
Is 27920818 a composite number?
True
Is 15785081 a composite number?
True
Is 5441701 composite?
True
Is 120067877 a composite number?
True
Is 3583711 composite?
False
Is 839369 composite?
False
Is 693229 composite?
True
Is 11435 a composite number?
True
Is 2625463 prime?
False
Is 2373869 composite?
False
Is 20610209 a prime number?
False
Is 770881843 a prime number?
True
Is 8165797 prime?
False
Is 4893682 prime?
False
Is 1062219 a prime number?
False
Is 57356357 a prime number?
False
Is 164806519 prime?
True
Is 272470269 a composite number?
True
Is 17348297 composite?
False
Is 58147777 a prime number?
True
Is 40420537 prime?
False
Is 15319139 prime?
False
Is 105142841 composite?
True
Is 8351633 composite?
False
Is 863937169 composite?
False
Is 257712131 a prime number?
True
Is 404081 a composite number?
False
Is 287476451 composite?
False
Is 8116061 prime?
False
Is 3705941 a prime number?
True
Is 69248471 prime?
False
Is 6144167 composite?
True
Is 13991359 a prime number?
False
Is 30443474 prime?
False
Is 63686281 composite?
True
Is 33376969 prime?
True
Is 2467411 a prime number?
False
Is 676573 composite?
False
Is 42194885 a prime number?
False
Is 650759 prime?
True
Is 14481337 prime?
False
Is 37077511 prime?
False
Is 13245343 composite?
True
Is 242911 a prime number?
True
Is 127894673 composite?
False
Is 2687957 prime?
True
Is 60409103 composite?
False
Is 870235 composite?
True
Is 18502633 a composite number?
False
Is 72613 prime?
True
Is 53507703 prime?
False
Is 19023013 composite?
False
Is 1602661 a prime number?
True
Is 210116113 a prime number?
False
Is 257172826 a prime number?
False
Is 2921749 composite?
True
Is 6278557 composite?
False
Is 2170729 prime?
False
Is 17299447 prime?
False
Is 1675733 composite?
False
Is 145529201 a prime number?
True
Is 4636435 a composite number?
True
Is 1529149 a composite number?
False
Is 15384791 a prime number?
False
Is 219210253 prime?
True
Is 3823007 a prime number?
True
Is 18287881 a composite number?
False
Is 19690847 a prime number?
False
Is 8655011 prime?
True
Is 9972913 composite?
False
Is 10804569 composite?
True
Is 189509843 a composite number?
False
Is 1555751 a composite number?
False
Is 4352111 a prime number?
True
Is 787153 a composite number?
False
Is 922544071 prime?
True
Is 62729837 prime?
False
Is 14147521 a composite number?
False
Is 8759887 a composite number?
True
Is 22750147 prime?
False
Is 187265509 prime?
False
Is 1534727 a prime number?
True
Is 2745623 prime?
False
Is 30901355 a composite number?
True
Is 116253631 composite?
True
Is 16181687 composite?
False
Is 2360887 prime?
True
Is 343671287 a prime number?
True
Is 1484173 a prime number?
False
Is 385148251 a prime number?
False
Is 611579 a composite number?
True
Is 438359 prime?
False
Is 3666961 prime?
True
Is 51679457 composite?
True
Is 135776401 composite?
False
Is 1598933 a composite number?
True
Is 2961382 a prime number?
False
Is 17079542 prime?
False
Is 9181817 prime?
True
Is 1160941 composite?
False
Is 4627267 prime?
False
Is 108601 prime?
False
Is 4611422 a prime number?
False
Is 2266079 a prime number?
True
Is 3108689 composite?
False
Is 1869481 a prime number?
False
Is 19011589 a prime number?
False
Is 83553557 a composite number?
True
Is 5197487 a composite number?
True
Is 70065739 a composite number?
True
Is 1458235 a composite number?
True
Is 232181 prime?
False
Is 16081037 composite?
True
Is 110503649 prime?
True
Is 123834853 prime?
True
Is 5171483 a prime number?
False
Is 6985139 prime?
False
Is 1382353 prime?
False
Is 10671